*t - 3. Let w be (182/21 - 11)/((-2)/(-6)). Determine r(w).
32
Suppose -l = l + c - 11, c + 31 = 4*l. Let d = l - 9. Let k(s) = -s. Let z(m) = 12*m + 2. Let g(b) = -6*k(b) - z(b). Determine g(d).
10
Suppose 14 = -3*d + 4*q, d - 4*q = -0*q - 18. Let y(m) = 7*m**2 + m + 1. What is y(d)?
31
Let s(h) = -h**2 + 4*h + 4. Let f(k) = 8*k + 117. Let v be f(-14). Give s(v).
-1
Suppose 28 = 7*s - 49. Let f(c) = -s*c - 15 + 9*c + 3*c. Calculate f(0).
-15
Let p(r) = r**2 + 11*r + 11. Suppose 2*f + 3*m + 22 = 0, -22*m = -17*m. Determine p(f).
11
Suppose -m = 5*k - 5, -2*k - 1 = -m - 10. Let q(b) be the first derivative of -3*b**2 + 3*b - k + 1/3*b**3. Give q(4).
-5
Let a(k) = -2 - 4 - 3*k + 3 - 2*k**2. Let j(f) be the third derivative of -f**5/30 - f**4/12 - f**3/2 - 5*f**2. Let c(i) = -6*a(i) + 7*j(i). What is c(2)?
-3
Let p(q) = -3*q - 13*q + 8*q + 3*q**2 - 7 - 4*q**2. Let f(i) = -i**3 + 2*i**2 + 2*i - 2. Let c be f(3). Calculate p(c).
8
Let m be ((-2)/(-6))/(3/36). Let z(l) = l**2 + m*l + 366 + 0*l**2 - 186 - 184. Let i(h) = -h**3 - 6. Let c be i(0). What is z(c)?
8
Let g(w) = 26*w - 91 + 43 + 44. Let m(j) = -8*j + 1. Let x(i) = 5*g(i) + 16*m(i). Determine x(7).
10
Suppose -5*l + 4*h + 25 = 0, 3*l - 6*h - 15 = -h. Let p(y) = -y**2 + 3*y + 12. Determine p(l).
2
Let o be 4/(-22) + 34*(-10)/(-55). Let b(d) be the first derivative of 7*d + 1/2*d**2 + o. Give b(-4).
3
Let i(p) be the second derivative of p**4/12 - p**3/6 - p**2/2 + 3*p. Let u = -530 + 533. Determine i(u).
5
Let b = 12 + -18. Let c(x) = -20*x**3 + 6*x**2 + 3*x + 23. Let d(z) = 7*z**3 - 2*z**2 - z - 8. Let y(t) = b*c(t) - 17*d(t). Calculate y(2).
-4
Let m(o) = -17*o**3 + 43*o**2 + 36*o + 24. Let u(i) = 12*i**3 - 29*i**2 - 24*i - 16. Let w(n) = 5*m(n) + 7*u(n). Determine w(13).
-5
Let r be -23 - (7 - 3 - 5). Let w(n) = -2*n**3 - 44*n**2 + n + 25. Let o be w(r). Let q(p) = p + 2. What is q(o)?
5
Let h be 1 - (-2)/(12/54). Let v(w) = w**3 - 9*w**2 - 9*w + 12. Calculate v(h).
22
Suppose 10*z = -2345 + 2405. Let j(p) be the third derivative of -p**4/24 + p**3 - p**2. Calculate j(z).
0
Let t(r) = -4 + 116*r - 61*r - 56*r. Calculate t(0).
-4
Let u(p) = 7*p**3 - p**2 + 1. Let r be u(1). Suppose -12 = -r*y + y. Suppose 4*g + 0*h = y*h - 16, 0 = h. Let n(z) = -z**3 - 5*z**2 - 2*z + 4. What is n(g)?
-4
Let j(w) = w**3 - 3*w**2 + 2*w - 4. Let f = -260 + 263. Give j(f).
2
Let n(i) = -10 - 12 - 211*i**3 + 13*i + 108*i**3 + 9*i**2 + 102*i**3. Give n(10).
8
Let t(g) = 6 - 14 - 10*g + 8*g - 20. Determine t(-16).
4
Let w be (1/(-7) + 1)*(-56)/(-6). Let o(s) = 12*s**3 - 14*s**2 - 14*s + 8. Let p(r) = -8*r**3 + 9*r**2 + 9*r - 5. Let z(q) = w*p(q) + 5*o(q). Determine z(2).
-20
Let m(n) = 3*n - 7*n + 0*n + 56*n**2 - 4*n - 55*n**2. Determine m(10).
20
Let o(w) = 10*w. Let c(j) = 17*j - 1. Let p be c(2). Let s = 35 - p. Give o(s).
20
Let f(c) = -c**2 + 2*c + 1. Let r be (2/12)/(3/90). Let n = -7 - -12. Suppose n*o - r*x = -0*o, -o - 4*x + 15 = 0. Give f(o).
-2
Let h = 18 + -15. Let c(p) = 2*p**2 - 2*p + 3*p**h - 5*p**3 - 1 + 2 + 0. Let m = 68 + -66. What is c(m)?
-11
Let w(y) be the third derivative of y**6/10 + y**5/60 + y**4/24 - 2*y**2. Suppose -4*s - 2*f - 10 = 0, 5*s - f = -0 - 2. Give w(s).
-12
Suppose -2*l = 2*o - 14, l = 3*o - 2*l - 3. Let s(g) = -7*g**2 + 2*g**2 + 2 - g**2 - g**3 - o*g. Let z be 10*(-84)/70 - -7. Calculate s(z).
-3
Let o(c) = c**2 - 9*c + 12. Let l(y) = 2*y - 34. Let r be l(19). Suppose -2*q + 36 = r*s, -4 = 3*q - 10. Calculate o(s).
4
Let n(f) = 4*f**3 + f - 59*f**2 + 66*f**2 + 4 - 3*f**3. Calculate n(-5).
49
Let o(i) = 4*i - 1. Let u be o(1). Let y(d) = -12*d + 13*d + 0 + 9. Let w(n) = -n - 5. Let g(q) = -5*w(q) - 3*y(q). Calculate g(u).
4
Let l(t) = -2*t**2 + 36*t + 3. Let s(p) = -p**2 + 17*p + 1. Let o(h) = 4*l(h) - 9*s(h). Determine o(7).
-11
Let g = -32 + 22. Let i(c) = -c**3 - 10*c**2 + 2*c + 11. Let u be i(g). Let n be 0/(-3*3/u). Let v(t) = -t + 4. Give v(n).
4
Let b(s) = 16 + 13 - 9 - 5 - s**3 - 3*s + 10*s**2. What is b(10)?
-15
Suppose -3*u = -u. Let v be 1 + (u - 2) + 7. Let t(w) = 22 - 47 + 18 - 5*w**2 + w**3 + 3 - 4*w. Give t(v).
8
Let n(s) = -2*s - 14. Let o(l) = -2*l**3 + 14*l**2 - 10*l - 18. Let u be o(6). Calculate n(u).
-2
Let p be (0 + 2/(-8))*(-14 + 10). Let r be (8/(-10))/(1/(5/p)). Let s(k) = 2*k**2 + 7*k + 4. Calculate s(r).
8
Let f(p) = 14*p - 2 + 6*p - 22*p. Suppose 3*y - 15 = 12. Suppose 2*w - 5*b = 2 + y, 14 = -w - 4*b. Calculate f(w).
2
Let l(w) = -w**3 + 6*w**2 - 5*w + 2. Let x be l(4). Let o = -2 + x. Let s = -11 + o. Let t(a) = -6*a. Give t(s).
-6
Let f = 15 + -9. Let s(m) = -2*m**2 + m**3 - m**2 - f*m + 2 + 0*m. What is s(4)?
-6
Let u(d) be the first derivative of -11*d**3/3 - d**2/2 - 60. Suppose 2*p - 9 = -5*w, 8*p - 13 = -3*w + 3*p. Calculate u(w).
-12
Let z(a) = 2*a**3 + 8*a**2 - 4*a + 1. Let s(v) = -v**3 - v**2 - 1. Let y(h) = -3*s(h) - z(h). Let g be y(4). Let k(x) = -x - g + x - x. Determine k(0).
-2
Let u(l) = 2*l + 7. Let n(p) = -p**2 + 4*p + 6. Let i be n(5). Let y be i*(-1 - -6)/1. Suppose y*m = 3*m - 10. What is u(m)?
-3
Let u(k) = -2*k**2 + 8*k - 3. Let n(b) = b**2 - 2*b + 2. Let a(c) = 5*n(c) + 2*u(c). Calculate a(-2).
-4
Let k(o) be the first derivative of o**2 + 2*o + 2. What is k(-3)?
-4
Let d(w) = w**3 - 13*w**2 + 10*w + 15. Let t be d(12). Let z be (-2)/6 + 15/t. Let q = z - -3. Let h(s) = -2*s**2 + s - 1. Calculate h(q).
-2
Let v(y) = -3*y + 14. Let g(o) be the first derivative of 3*o**2 - 26*o - 22. Let m(d) = 3*g(d) + 5*v(d). Calculate m(6).
10
Let t(i) = i**2 - 10*i + 11. Suppose 3*s + 10 = y, -s = 2*y + 6 - 26. Determine t(y).
11
Let b(s) be the third derivative of -s**4/12 + 2*s**3/3 - 4*s**2. Let z be -2 - 76/(-16) - 2/(-8). Determine b(z).
-2
Suppose 0*a = -a + 3*k - 52, -28 = a + 5*k. Let u = 39 + a. Let p(h) be the first derivative of 3*h**2/2 + 6*h + 1. Determine p(u).
-6
Let a(n) = n**3 + 18*n**2 + 19*n + 20. Suppose 4*q + 8 = 0, 5*c + 5*q + 91 = 2*q. What is a(c)?
-14
Let z(a) = a**3 - a**2 - a - 5. Let x be z(6). Let m be (-4)/(-6) - x/(-39). Let l(k) = k. Give l(m).
5
Let h = 231 + -231. Let s(a) = a**3 + a**2 - 2. Determine s(h).
-2
Let g(m) = m**2 - 4*m - 2. Suppose t + 19 = -5*z + 4*z, -5*z - t - 87 = 0. Let x = -2 - 19. Let h = z - x. Determine g(h).
-2
Let h be ((-8)/(-10))/((-12)/(-30)). Let t = 6 - h. Let c(r) = t*r**2 + 27*r - 14*r + r**3 - 10*r - r**2. Determine c(-2).
-2
Let k be (-14 + 18)*(-9)/12. Let h(b) be the first derivative of b**3/3 + b**2 + 3*b - 5. What is h(k)?
6
Let j(f) be the second derivative of f**4/12 + f**3/3 - f**2/2 + 4*f. Let n be -3*(4 - 28/6). Suppose n = -4*x - 2*b, -3*x = -x - 5*b - 29. Determine j(x).
7
Let m(d) = d**2 - 2*d - 10. Let o be m(5). Let n(f) = 3*f - 1. Give n(o).
14
Let m(d) = 2*d**3 + 7*d**2 - 6*d - 9. Let n be m(-4). Let q(a) be the second derivative of a**3/6 - a**2/2 - 22*a. What is q(n)?
-2
Let v = -29 - -35. Let p(n) = -v*n**2 + 3*n + 3*n**2 + 3 + 2*n**2 + 0*n**2. Give p(3).
3
Suppose 80*v + 1116 = -74*v - 116. Let p = 21 + -13. Let t(x) = 0*x**2 + x**2 + p*x - 2 + 0. What is t(v)?
-2
Let n(r) = -r**3 - 4*r**2 + 6*r. Suppose -4*t = 6 - 58. Suppose t*h - 15*h = 10. Calculate n(h).
-5
Let n(a) = 0*a**3 + 2*a**2 - a**3 - 50973*a + 50957*a - 1 - 12*a**2. Calculate n(-8).
-1
Let m = 114 - 110. Let i(p) = -p + 9. Let u be i(7). Let c(j) = 0*j + 1 + 2 + m*j - u. Calculate c(1).
5
Let w(m) = -m**3 + 3*m**2 + 4*m. Suppose -2*a + 2*l = -2*l + 8, -2*a - 2 = -2*l. Let k(v) = -v**2 - 1. Let z be k(0). Let u be 2 - (2 - (a - z)). Give w(u).
12
Let o(g) = -g**3 + 5*g**2. Let j be (-2 - -4 - -3)*(-9 + 10). Let l(b) = -b**3 + 6*b**2 - 6*b + 10. Let m be l(j). Calculate o(m).
0
Let y(g) = g**2 + 3. Let r(b) = -3*b**2 - 14*b - 5. Let o(h) = -r(h) - 4*y(h). Calculate o(11).
26
Let m(n) = -4*n**3 - n**2 - 4*n + 5. Let c(w) = w**3 + w - 1. Let v(l) = -3*c(l) - m(l). Give v(2).
12
Let q be 6/15*(-4 - -9). Let a(c) = 5*c - 5. Let l be a(q). Let u = l - 2. Let f(p) = p**2 - 5*p + 2. What is f(u)?
-4
Suppose 0 = 31*t + 14*t - 270. Let n(s) = s**3 - 8*s**2 + 11*s - 9. What is n(t)?
-15
Let h(k) = 6*k - 6. Let t(b) = -b + 1. Let j(g) = 4*h(g) + 27*t(g). Calculate j(-3).
12
Let c(b) be the second derivative of -5*b**3/6 + b**2/2 - 135*b. Determine c(-2).
11
Let q(k) be the first derivative of 19